d by 112?
64
Calculate the remainder when 75 is divided by 60.
15
Calculate the remainder when 243 is divided by 13.
9
What is the remainder when 213 is divided by 72?
69
Calculate the remainder when 419 is divided by 136.
11
What is the remainder when 122 is divided by 59?
4
Calculate the remainder when 150 is divided by 38.
36
What is the remainder when 8367 is divided by 11?
7
What is the remainder when 357 is divided by 14?
7
Calculate the remainder when 99 is divided by 12.
3
Calculate the remainder when 366 is divided by 16.
14
What is the remainder when 2545 is divided by 634?
9
What is the remainder when 3570 is divided by 19?
17
Calculate the remainder when 1533 is divided by 1512.
21
Calculate the remainder when 1853 is divided by 6.
5
What is the remainder when 391 is divided by 56?
55
What is the remainder when 1062 is divided by 473?
116
Calculate the remainder when 10278 is divided by 69.
66
Calculate the remainder when 63 is divided by 22.
19
What is the remainder when 12043 is divided by 219?
217
What is the remainder when 918 is divided by 40?
38
What is the remainder when 2016 is divided by 10?
6
What is the remainder when 314 is divided by 21?
20
Calculate the remainder when 29 is divided by 20.
9
What is the remainder when 3128 is divided by 12?
8
What is the remainder when 69 is divided by 2?
1
Calculate the remainder when 66 is divided by 36.
30
Calculate the remainder when 245 is divided by 97.
51
Calculate the remainder when 971 is divided by 27.
26
Calculate the remainder when 164 is divided by 83.
81
Calculate the remainder when 1015 is divided by 85.
80
Calculate the remainder when 86 is divided by 24.
14
Calculate the remainder when 206 is divided by 94.
18
What is the remainder when 2394 is divided by 74?
26
What is the remainder when 979 is divided by 8?
3
What is the remainder when 2978 is divided by 14?
10
What is the remainder when 580 is divided by 84?
76
Calculate the remainder when 2638 is divided by 30.
28
What is the remainder when 7143 is divided by 6?
3
Calculate the remainder when 568 is divided by 144.
136
What is the remainder when 38178 is divided by 34?
30
Calculate the remainder when 1028 is divided by 267.
227
What is the remainder when 356 is divided by 175?
6
What is the remainder when 1461 is divided by 35?
26
What is the remainder when 32181 is divided by 298?
295
What is the remainder when 326 is divided by 100?
26
Calculate the remainder when 159 is divided by 62.
35
What is the remainder when 8523 is divided by 147?
144
What is the remainder when 547 is divided by 11?
8
What is the remainder when 1736 is divided by 22?
20
What is the remainder when 24307 is divided by 130?
127
What is the remainder when 142 is divided by 27?
7
What is the remainder when 1454 is divided by 113?
98
Calculate the remainder when 435 is divided by 87.
0
Calculate the remainder when 568 is divided by 95.
93
Calculate the remainder when 165 is divided by 55.
0
What is the remainder when 34249 is divided by 403?
397
Calculate the remainder when 213 is divided by 33.
15
Calculate the remainder when 39 is divided by 12.
3
Calculate the remainder when 112 is divided by 44.
24
Calculate the remainder when 136 is divided by 20.
16
Calculate the remainder when 299 is divided by 25.
24
Calculate the remainder when 566 is divided by 7.
6
Calculate the remainder when 134 is divided by 119.
15
What is the remainder when 1603 is divided by 6?
1
Calculate the remainder when 8264 is divided by 35.
4
What is the remainder when 13528 is divided by 163?
162
Calculate the remainder when 129 is divided by 41.
6
Calculate the remainder when 464 is divided by 332.
132
Calculate the remainder when 14 is divided by 7.
0
Calculate the remainder when 247 is divided by 84.
79
Calculate the remainder when 173 is divided by 87.
86
What is the remainder when 1279 is divided by 424?
7
What is the remainder when 42 is divided by 17?
8
Calculate the remainder when 1592 is divided by 151.
82
What is the remainder when 68 is divided by 26?
16
Calculate the remainder when 905 is divided by 16.
9
Calculate the remainder when 1557 is divided by 7.
3
What is the remainder when 501 is divided by 46?
41
What is the remainder when 29 is divided by 19?
10
What is the remainder when 326 is divided by 79?
10
Calculate the remainder when 830 is divided by 68.
14
What is the remainder when 773 is divided by 111?
107
What is the remainder when 1444 is divided by 244?
224
Calculate the remainder when 286 is divided by 41.
40
Calculate the remainder when 242 is divided by 39.
8
Calculate the remainder when 6670 is divided by 89.
84
Calculate the remainder when 220 is divided by 72.
4
What is the remainder when 692 is divided by 18?
8
Calculate the remainder when 23 is divided by 9.
5
What is the remainder when 40 is divided by 32?
8
What is the remainder when 47124 is divided by 25?
24
Calculate the remainder when 587 is divided by 84.
83
Calculate the remainder when 185 is divided by 75.
35
Calculate the remainder when 3011 is divided by 137.
134
Calculate the remainder when 270 is divided by 21.
18
Calculate the remainder when 4326 is divided by 1439.
9
Calculate the remainder when 138 is divided by 72.
66
What is the remainder when 25269 is divided by 351?
348
What is the remainder when 64 is divided by 53?
11
What is the remainder when 89 is divided by 39?
11
Calculate the remainder when 33 is divided by 21.
12
Calculate the remainder when 79 is divided by 25.
4
What is the remainder when 309 is divided by 143?
23
What is the remainder when 70 is divided by 24?
22
Calculate the remainder when 61 is divided by 7.
5
What is the remainder when 168 is divided by 85?
83
Calculate the remainder when 31 is divided by 13.
5
Calculate the remainder when 236 is divided by 55.
16
What is the remainder when 2378 is divided by 59?
18
Calculate the remainder when 11316 is divided by 147.
144
Calculate the remainder when 500 is divided by 7.
3
Calculate the remainder when 941 is divided by 130.
31
What is the remainder when 117 is divided by 51?
15
What is the remainder when 929 is divided by 36?
29
What is the remainder when 255 is divided by 52?
47
What is the remainder when 5675 is divided by 28?
19
What is the remainder when 4619 is divided by 15?
14
Calculate the remainder when 744 is divided by 67.
7
What is the remainder when 857 is divided by 54?
47
Calculate the remainder when 189 is divided by 33.
24
Calculate the remainder when 295 is divided by 53.
30
What is the remainder when 5257 is divided by 220?
197
What is the remainder when 1036 is divided by 213?
184
What is the remainder when 247 is divided by 100?
47
What is the remainder when 43288 is divided by 5?
3
What is the remainder when 135 is divided by 16?
7
Calculate the remainder when 453 is divided by 248.
205
Calculate the remainder when 2070 is divided by 7.
5
Calculate the remainder when 67 is divided by 18.
13
What is the remainder when 549 is divided by 15?
9
What is the remainder when 100 is divided by 35?
30
What is the remainder when 49894 is divided by 14?
12
What is the remainder when 88 is divided by 54?
34
What is the remainder when 119 is divided by 14?
7
What is the remainder when 618 is divided by 319?
299
What is the remainder when 88553 is divided by 26?
23
What is the remainder when 46 is divided by 34?
12
Calculate the remainder when 276 is divided by 28.
24
Calculate the remainder when 1488 is divided by 24.
0
Calculate the remainder when 996 is divided by 127.
107
Calculate the remainder when 358 is divided by 89.
2
Calculate the remainder when 64 is divided by 38.
26
What is the remainder when 1505 is divided by 418?
251
Calculate the remainder when 278 is divided by 31.
30
Calculate the remainder when 598 is divided by 84.
10
Calculate the remainder when 10 is divided by 2.
0
Calculate the remainder when 22847 is divided by 64.
63
What is the remainder when 174 is divided by 12?
6
Calculate the remainder when 781 is divided by 63.
25
Calculate the remainder when 255 is divided by 37.
33
Calculate the remainder when 160 is divided by 83.
77
What is the remainder when 67 is divided by 23?
21
Calculate the remainder when 967 is divided by 28.
15
Calculate the remainder when 159 i